
-41
Let z(r) = -r**3 - 3*r**2 + 11*r + 5. What is z(-6)?
47
Let l(o) = -o**3 - 8*o**2 - 5*o + 1. What is l(-5)?
-49
Let z(k) = -k**2 - 5*k - 6. Calculate z(-6).
-12
Let f(n) = 8*n - 37. Determine f(16).
91
Let j(r) = -r**3 - 9*r**2 + 14*r + 34. Calculate j(-10).
-6
Let u(w) = 3*w**3 - w - 2. What is u(-2)?
-24
Let a(m) = -6*m + 42. What is a(14)?
-42
Let i(u) = 2*u**3 - 20*u**2 - 10. Give i(10).
-10
Let w(h) = 3*h**2 - 44*h - 5. Calculate w(15).
10
Let h(l) = l**3 - 9*l**2 + 7*l - 12. Calculate h(8).
-20
Let y(z) = 3*z**2 + 54*z - 60. Determine y(-19).
-3
Let p(o) = o**3 + 41*o**2 - 42*o + 4. Give p(-42).
4
Let b(i) = -27*i**2 - 3*i + 1. Calculate b(1).
-29
Let h(k) = -k**3 + 12*k**2 - 9*k + 5. Calculate h(10).
115
Let w(i) = -i**3 + 6*i**2 - 7*i - 2. What is w(5)?
-12
Let b(f) = -17*f**2 + f + 1. What is b(-1)?
-17
Let k(l) = 2*l - 17. Determine k(13).
9
Let s(d) = -12*d - 17. Calculate s(5).
-77
Let i(x) = x**2 - 12*x + 9. Determine i(10).
-11
Let u(o) = 6*o + 54. Calculate u(-8).
6
Let p(u) = -u**2 + 10*u - 11. Determine p(8).
5
Let d(a) = -69*a - 346. What is d(-5)?
-1
Let m(t) = t**3 - 2*t**2 - 34*t + 9. What is m(7)?
16
Let f(b) = b**3 - 12*b**2 + 11*b - 3. Give f(11).
-3
Let c(a) = a + 8. Calculate c(2).
10
Let n(y) = 32*y + 39. Determine n(-1).
7
Let m(t) = -t**3 - 5*t**2 + 3*t - 3. What is m(-5)?
-18
Let r(n) = -n**3 - 7*n**2 - n + 17. What is r(-7)?
24
Let m(g) = 10*g**2 + 14*g - 16. What is m(1)?
8
Let p(y) = -y**3 + 22*y**2 - 22*y + 6. Determine p(21).
-15
Let l(h) = -h**3 + 4*h**2 + 4*h + 8. Give l(6).
-40
Let s(l) = 44*l - 13. What is s(2)?
75
Let r(k) = -k**2 - 38*k - 164. Determine r(-32).
28
Let t(h) = h**3 - 14*h**2 + 24*h + 1. What is t(12)?
1
Let a(v) = -v**2 + 2. Give a(5).
-23
Let w(n) = 3*n - 100. Calculate w(34).
2
Let b(h) = -h**3 - 2*h**2 + 7*h + 6. Calculate b(-4).
10
Let f(b) = 3*b + 7. Calculate f(9).
34
Let j(v) = 15*v**3 + v**2 - v - 1. Calculate j(-1).
-14
Let b(c) = -c**2 - 19*c - 49. What is b(-15)?
11
Let t(r) = 3*r - 4. What is t(-12)?
-40
Let z(t) = t**3 + 14*t**2 - 8*t - 11. Calculate z(-14).
101
Let w(x) = -x**2 - 7*x + 62. Determine w(6).
-16
Let r(u) = u**3 - u**2 - 2*u + 34. Calculate r(0).
34
Let y(v) = -v + 3. What is y(11)?
-8
Let n(s) = 3*s**2 - 2*s - 10. Determine n(-2).
6
Let h(l) = -30*l**2 - 2*l. Determine h(1).
-32
Let w(j) = -j - 7. Give w(5).
-12
Let p(r) = 7*r**3 + 6*r + 6. Give p(-2).
-62
Let j(p) = -p**2 - 10*p - 11. What is j(-9)?
-2
Let x(l) = -l**2 - l + 2. Determine x(-2).
0
Let u(a) = a**2 - 16*a - 6. What is u(14)?
-34
Let s(k) = 16*k**2 + 2*k + 1. Determine s(-1).
15
Let i(x) = -22*x**3 - 6*x**2 + 4*x + 3. Determine i(1).
-21
Let o(v) = v**2 - 2*v - 1. Give o(-1).
2
Let n(y) = -2*y**3 + 6*y**2 - 2*y + 6. Calculate n(3).
0
Let m(r) = r**2 - 5*r - 11. Calculate m(0).
-11
Let c(d) = 7*d - 54. What is c(8)?
2
Let d(l) = 2*l**2 - 10*l + 12. What is d(7)?
40
Let b(g) = 2*g**2 + 37*g + 54. What is b(-17)?
3
Let v(t) = t**2 + 5*t - 9. Give v(2).
5
Let x(v) = -v**2 + 2*v - 3. Give x(3).
-6
Let f(k) = -k**2 + 4. Calculate f(-4).
-12
Let h(o) = -o + 11. What is h(12)?
-1
Let y(w) = 4*w - 135. Calculate y(31).
-11
Let c(h) = -h**2 - 15*h + 1. Calculate c(-15).
1
Let y(a) = 32*a - 12. What is y(-3)?
-108
Let w(b) = b**3 - 16*b**2 - 43*b + 119. What is w(18)?
-7
Let l(g) = 9*g - 191. What is l(21)?
-2
Let k(p) = -p**3 - 17*p**2 + 19*p + 22. What is k(-18)?
4
Let x(g) = 4*g**2 + 4*g - 4. Calculate x(-2).
4
Let o(n) = -3*n**2 - 2. Give o(-2).
-14
Let n(t) = t + 14. What is n(-19)?
-5
Let a(q) = 13*q**3 + q**2 - q - 1. Determine a(1).
12
Let v(l) = l**2 - 10*l. What is v(11)?
11
Let g(d) = d**3 - 6*d**2 + d - 11. What is g(6)?
-5
Let g(h) = 3*h + 5. Give g(-6).
-13
Let x(m) = 3*m - 46. Give x(19).
11
Let p(g) = -2*g**2 + g + 3. Calculate p(3).
-12
Let j(a) = -4*a**2 + 23*a - 4. Determine j(6).
-10
Let u(r) = r - 14. What is u(18)?
4
Let i(a) = 2*a**2 - 22*a + 19. What is i(8)?
-29
Let b(z) = -17*z - 41. Give b(-7).
78
Let j(x) = -x**3 + 17*x**2 - 15*x - 13. Calculate j(16).
3
Let v(p) = 4*p**2 + p. What is v(1)?
5
Let b(t) = -4*t**2 - 6*t - 4. Give b(-2).
-8
Let f(y) = 7*y - 16. Give f(3).
5
Let t(j) = j**2 - 39*j - 130. What is t(42)?
-4
Let s(r) = -15*r - 216. What is s(-14)?
-6
Let d(b) = b**2 - 28*b + 163. Determine d(20).
3
Let u(m) = m**3 + 16*m**2 - 14*m + 43. Give u(-17).
-8
Let r(g) = 2*g**2 + 35*g + 9. Give r(-18).
27
Let a(g) = 2*g**3 + 3*g**2 - 2. Calculate a(-2).
-6
Let z(c) = -7*c**2 + 8*c - 4. Calculate z(3).
-43
Let y(c) = -2*c**3 + c**2 + 4*c + 2. Calculate y(-3).
53
Let j(z) = z - 34. What is j(15)?
-19
Let b(r) = -r**2 - 18*r - 7. Determine b(-15).
38
Let p(i) = i**3 + 11*i**2 + 13*i + 25. What is p(-10)?
-5
Let l(d) = 6*d**2 + 62*d - 27. What is l(-11)?
17
Let n(b) = 3*b - 77. Determine n(25).
-2
Let p(i) = i**3 - 8*i**2 + i + 8. Calculate p(8).
16
Let d(p) = -p**3 + 2*p**2 + p - 25. Give d(0).
-25
Let o(m) = m**3 + 6*m**2 + 11*m + 22. What is o(-5)?
-8
Let o(f) = f**2 + 14*f + 22. Calculate o(-10).
-18
Let s(t) = 2*t - 25. What is s(11)?
-3
Let o(p) = 2*p**3 - 31*p**2 - 20*p + 56. Determine o(16).
-8
Let p(n) = 2*n + 6. Calculate p(4).
14
Let i(k) = -k**2 + 31*k - 67. Calculate i(29).
-9
Let b(y) = y**2 - 10*y - 11. Give b(8).
-27
Let u(g) = 3*g + 2. What is u(4)?
14
Let q(x) = x**3 - 15*x**2 + 15*x - 16. Calculate q(14).
-2
Let j(c) = c**3 - 8*c**2 - 7*c - 32. Determine j(9).
-14
Let s(p) = -21*p - 929. Determine s(-44).
-5
Let s(b) = -26*b**2 + 154*b + 13. Determine s(6).
1
Let w(u) = u**3 - 4*u**2 - 6*u - 35. Give w(6).
1
Let y(i) = -i - 24. Give y(-27).
3
Let k(z) = -z**3 + 18*z**2 + 4*z - 362. Calculate k(17).
-5
Let y(u) = u**3 - u**2 + 2*u - 1. Calculate y(0).
-1
Let p(d) = -12*d + 2. Determine p(-1).
14
Let h(d) = -d**2 + d - 41. Determine h(0).
-41
Let t(y) = 3*y + 42. Calculate t(-21).
-21
Let w(s) = -s**2 + 3*s + 4. Calculate w(-5).
-36
Let t(f) = -25*f + 106. Determine t(3).
31
Let m(n) = -n**2 - 13*n - 24. Determine m(-11).
-2
Let b(g) = g**2 + g - 1. Calculate b(5).
29
Let x(y) = 8*y**2 + 2*y + 1. Give x(2).
37
Let h(t) = -2*t + 13. Calculate h(6).
1
Let t(a) = 2*a**3 + a**2 - 3*a + 5. Give t(2).
19
Let p(i) = i**2 - 11*i + 22. Calculate p(9).
4
Let a(r) = -16*r**2 + r + 1. What is a(-1)?
-16
Let p(w) = -13*w - 1. Calculate p(1).
-14
Let h(g) = -56*g + 18. Give h(1).
-38
Let m(g) = -5*g**2 - 107*g - 106. Calculate m(-1).
-4
Let l(i) = i**2 + 9*i - 14. Determine l(-8).
-22
Let o(f) = -f**2 + 10*f - 30. Calculate o(6).
-6
Let x(c) = 4*c + 61. What is x(-16)?
-3
Let b(z) = z - 5. Give b(-26).
-31
Let q(o) = -2*o + 16. What is q(11)?
-6
Let q(f) = f**2 - 4*f - 1. Give q(2).
-5
Let n(s) = 2*s**3 - 5*s**2 + 4*s - 6. Determine n(3).
15
Let p(l) = -9*l - 59. Give p(-16).
85
Let n(v) = -8*v - 4. What is n(4)?
-36
Let p(o) = -o**3 - 19*o**2 - 20*o - 25. Give p(-18).
11
Let q(s) = 6*s**3 + 3*s**2 - 3*s + 1. What is q(1)?
7
Let g(d) = d**3 + 25*d**2 - 24*d + 46. Determine g(-26).
-6
Let c(x) = x**3 - 8*x**2 - 13*x - 3. Determine c(9).
-39
Let l(r) = -r - 78. What is l(0)?
-78
Let f(v) = 35*v. Determine f(1).
35
Let d(z) = -55*z**2 + 3*z + 2. Determine d(-1).
-56
Let f(r) = r**2 + 35*r + 254. Calculate f(-24).
-10
Let z(r) = 3*r**2 + 8*r - 2. Calculate z(4).
78
Let c(r) = 8*r**3 + 10*r**2 + 8*r - 3. Give c(-1).
-9
Let q(s) = -s**3 - 2*s**2 - s. Give q(-3).
12
Let f(a) = -2*a**3 - 8*a**2 + 7*a - 18. Calculate f(-5).
-3
Let s(n) = -3*n**3 + n**2 + 3*n - 1. Give s(2).
-15
Let u(i) = 7*i - 34. Calculate u(5).
1
Let o(a) = -3*a - 4. Give o(-1).
-1
Let z(j) = -2*j + 7. Give z(6).
-5
Let n(k) = k**3 - 5*k**2 + 2*k - 6. Give n(5).
4
Let y(k) = 10*k**2 - 26*k + 27. Calculate y(1).
11
Let p(v) = v**2 - 6*v + 5. What is p(6)?
5
Let a(c) = -7*c**2 + 48*c + 5. What is a(7)?
-2
Let j(y) = y**2 + 8*y + 15. Give j(-6).
3
Let v(j) = -2*j + 14. What is v(0)?
14
Let b(s) = 21*s - 1. Determine b(1).
20
Let n(l) = 4*l**2 - 2*l - 1. Determine n(2).
11
Let j(y) = 17*y - 2. Determine j(-2).
-36
Let b(v) = -v**3 + 20*v**2 - 3. Give b(20).
-3
Let p(x) = -x**2 + 15*x + 5. Calculate p(12).
41
Let j(n) = 8*n + 18. What is j(-8)?
-46
Let c(o) = 3*o**2 + 6*o + 8. Give c(-5).
53
Let r(v) = -7*v + 47. Give r(8).
-9
Let m(l) = 6*l**2 + 2. What is m(3)?
56
Let l(d) = 117*d - 459. What is l(4)?
9
Let s(u) 